30 = 14*v. What is the units digit of v?
2
Let t(v) = 46*v**2 - 44*v + 178. What is the hundreds digit of t(10)?
3
Let h(l) = l**2 - 2*l - 3. Let z be h(3). Suppose 27*a - 2043 - 1629 = z. What is the tens digit of a?
3
Let h be 15*(5/3 - 2). What is the tens digit of (2*(-491)/h)/((-2)/(-5))?
9
What is the hundreds digit of 20*(22 - 67335/(-60))?
8
What is the thousands digit of (-24169)/(-3) - 28/21?
8
What is the hundreds digit of -25*(-2 - 8199/45) - -2?
6
Suppose 9*l - 128 = -7*l. Let p(f) = 11*f**2 - 7*f + 44. What is the units digit of p(l)?
2
Suppose -102*j + 763545 = 18*j - 539535. What is the units digit of j?
9
Let d = -814 + 668. What is the thousands digit of (2642/(-3))/(d/219)?
1
Suppose -2 = -8*l - 18. Let u be (4 + -5)/(l - (-594)/298). Let k = u - 90. What is the tens digit of k?
5
Suppose 0 = 5*n + 2*g - 38661, -2*n + 21176 = -2*g + 5706. What is the thousands digit of n?
7
Let k(b) = 35*b + 24. Let g be k(2). Let u = 315 - g. What is the tens digit of u?
2
Suppose 0 = -3*w + 3*h + 54, 8*w - 3*w = -3*h + 66. Suppose -w*n - 3 = -16*n. Suppose 8*z - 202 = n*z - x, -3*z + 135 = -4*x. What is the tens digit of z?
4
Suppose -394*l + m = -391*l - 19991, -3*l + 19999 = m. What is the hundreds digit of l?
6
Let g(c) = 2*c**2 + 2*c + 1. Let z be 30 + -8 - (-4)/(-2). Let v = 24 - z. What is the tens digit of g(v)?
4
Let c be 1836 - 7/((-14)/(-8)). Suppose -5*q - 3*k + 37 = -0*q, -k = 1. Suppose 0 = q*r - 0*r - c. What is the units digit of r?
9
Let s = -9062 - -66854. What is the units digit of s?
2
Let f(x) = 28*x - 63*x + 4*x**3 + 2*x**2 + 19 + 34*x. What is the tens digit of f(4)?
0
Let v(r) = -27*r**3 - r**2 + 4*r + 7. Let m(s) = -s**2 - 5*s - 2. Let t be m(-5). What is the hundreds digit of v(t)?
2
Suppose -2*o - 17 = 5*t + 14, -3*t = -4*o - 23. Let y be 12*(-1 + (-12)/o). Suppose -20 = y*c - 8*c. What is the tens digit of c?
1
Let k(i) = -225*i + 45. Suppose 0 = -9*w - 13 - 14. What is the tens digit of k(w)?
2
Let c be (0 + -3 - -251) + -1. Let f = c + -171. What is the units digit of f?
6
Let i be (2/1 - 5)/(-1). Suppose i*z + 4*z = 2*z. Suppose -4*b - 2*f + 22 = z, 2*b + 2*f = 5*f - 1. What is the units digit of b?
4
Suppose 29210 + 454702 = 78*o. What is the units digit of o?
4
Let h = 83 + -84. Let s be 1 + (h + 6)*29. Suppose 2*w - 84 = s. What is the tens digit of w?
1
Let x be (4 - 57)/(3/(-30)). Suppose -14*y + x = -44. What is the tens digit of y?
4
Suppose -189270 = -37*q + 1199414. What is the thousands digit of q?
7
Suppose -276834 = 204*w - 247*w. What is the tens digit of w?
3
Suppose 0 = 4*b - 41 + 9. Let h(z) be the second derivative of z**4/6 + z**3/3 + z**2/2 - 16*z. What is the hundreds digit of h(b)?
1
Let t be (2/(-8)*0)/(-2). Let o(j) = j**2 + 9*j + 803. What is the units digit of o(t)?
3
Let w(c) = c**3 + 21*c**2 - 5*c - 11. Let l be w(-21). Suppose -8 = -d + l. Suppose x - 3 - d = 0. What is the hundreds digit of x?
1
What is the hundreds digit of (-4)/16 - (-16)/((-256)/(-23988))?
4
What is the tens digit of 4*976/(-128)*-1210?
0
Suppose 4*f = -f. Suppose f = 5*k + j - 16 + 90, -3*j - 12 = 0. What is the tens digit of (-2 - -122)*(3 + k/6)?
8
Let m = 267 - 267. Suppose -365 = -2*f - 0*f - r, m = -5*f + 5*r + 950. What is the units digit of f?
5
Let l be (-8)/2 + 9 + -10 + -4. What is the tens digit of (-2413)/(-6) - l/(-54)?
0
Suppose -5*i - 5*z = 5, -5*i - 7 = 3*z - 4. Suppose -4*a + v + 1370 = i, 3*a - v = 7*a - 1366. Suppose -7*n = -n - a. What is the tens digit of n?
5
Suppose 0 = 726*q - 721*q - 25. Suppose q*k = 1264 + 851. What is the tens digit of k?
2
Let d = 147543 + -61702. What is the thousands digit of d?
5
Let q(c) = 3*c**2 - 258*c - 838. What is the units digit of q(-99)?
7
Let t(n) = 60*n - 6. Let u be t(11). Suppose -2*a + 626 = -4*f, 0*a - 2*a + u = 3*f. Let v = -120 + a. What is the tens digit of v?
0
Suppose 4*z - 37505 = j, -3*z - 8109 = -3*j - 36249. What is the hundreds digit of z?
3
Suppose 190*z + 472871 = 857394 + 1077337. What is the tens digit of z?
9
Let h be (-71)/(-3) + 2/6. Let p = h - 26. What is the tens digit of (1/p)/((-3)/468)?
7
Suppose 241*j - 16*j - 19*j - 10956728 = 0. What is the units digit of j?
8
Suppose 462892 = 27*r - 337500 - 466907. What is the tens digit of r?
3
Suppose 104616 = 109*y - 697515. What is the thousands digit of y?
7
Suppose -23*j + 19*j + 832 = 0. Suppose -2*r = -2*z - j, -4*r - z = -2*r - 196. Suppose p + 262 = 5*g - 0*p, r = 2*g + 2*p. What is the tens digit of g?
5
What is the tens digit of (1994/5)/(532/1330)?
9
Let n = 102 + -102. Suppose n = 3*v + 3*p + p - 530, -2*p = -4. What is the tens digit of v?
7
Suppose -37*q = -42*q + 4*x + 181296, -72492 = -2*q - 5*x. What is the hundreds digit of q?
2
Let k(v) = v**2 + 2*v - 5. Let f be k(3). Suppose -f = 3*b - 1, -b + 7 = 5*u. What is the units digit of u*46/8*(-3 - -5)?
3
Suppose -18*a + 16*a - 1094 = 0. Let o = a + 1048. What is the tens digit of o?
0
Let p(t) = 3*t**2 + t + 2. Let w(c) = -7 + 2 - c**3 - 5 - 21*c - 12*c**2 + 2. Let z be w(-10). What is the tens digit of p(z)?
1
Suppose 2*r - 5526 = -4*h, -6*r = 5*h - 2*r - 6915. Suppose 569 = 2*i - h. What is the units digit of i?
4
Suppose 0 = 2*n - z - 649, -326 = -n - 0*z + 2*z. Suppose -n*u + 320*u + 1884 = 0. What is the units digit of u?
1
Let f(s) = 92*s**2 + 10*s - 14. What is the units digit of f(5)?
6
Suppose -2*h + 4 = 0, -2*i + 2618 + 2406 = -h. Let f = i - 1479. What is the hundreds digit of f?
0
Let z be 3/(-2) - (-1)/2. Let l(x) = -5*x - 6. Let g be l(-6). Let p = g - z. What is the units digit of p?
5
Let r(n) = 8*n**3 - 27*n**2 + 32*n + 31. Let m(x) = -4*x**3 + 14*x**2 - 16*x - 16. Let y(t) = 5*m(t) + 2*r(t). What is the hundreds digit of y(-6)?
5
Let g = -11072 - -17815. Suppose 0 = 19*y - 8*y - g. What is the units digit of y?
3
Let y(a) be the first derivative of a**2 - 16*a + 244. Suppose 2*p = 3*p - 9. What is the units digit of y(p)?
2
Suppose 3*r = -c + 6380, -12780 = -23*c + 21*c + 4*r. Suppose -15*v = -c - 2404. What is the tens digit of v?
8
Let y(a) = 17*a**2 + 7*a**2 + 46 + a**3 - 15*a - 5*a - 52*a**2. What is the units digit of y(29)?
7
Let i(m) = -m**2 + 11*m - 19. Let t be i(8). Suppose j - 2*j = w - 209, -5*w - 1065 = -t*j. Let o = j - 137. What is the units digit of o?
4
Suppose -10*m + 5139 = -m. Suppose d + 5*o - m = 0, -3*o = -2*d + 296 + 781. Suppose 170 = -4*g + d. What is the tens digit of g?
9
Let d = 4229 - 3523. What is the units digit of d?
6
What is the ten thousands digit of (-392)/(-588)*61473/2?
2
Suppose 12*i = 57776 + 8500. What is the thousands digit of i?
5
Let x(c) = -18*c**3 + 16*c**2 + 73*c + 102. What is the tens digit of x(-11)?
9
Let y(s) = 44*s**2 - 296*s - 8241. What is the ten thousands digit of y(-32)?
4
Suppose 5*i = -2503 - 1112. Let p = 1155 + i. What is the units digit of p?
2
What is the hundreds digit of ((4 - 0)/((-6)/63))/((-1569)/733246)?
6
Suppose 0 = -6*m + m. Let s be 3*((m - 1) + (-2020)/(-30)). Let h = -79 + s. What is the units digit of h?
0
What is the tens digit of ((-3751)/(-4))/((-742)/(-32648))?
6
Let r(x) = 4*x + 3. Let y(q) = 6*q**2 + 0*q**2 - 20 + 21. Let w be y(-1). What is the units digit of r(w)?
1
Let r = 4333 - -2032. What is the tens digit of r?
6
Let i = 54341 + -21534. What is the tens digit of i?
0
What is the ten thousands digit of 3/(-15) - (-2639169)/195?
1
Suppose 125*d - 93*d = 198048. What is the units digit of d?
9
Suppose -39*i = -44*i + 60. Suppose 4*w = x + 779, -117 - 73 = -w + 5*x. Suppose w + 9 = i*o. What is the tens digit of o?
1
Let n = 3 + 3. Let r be 99/(-5) + 217/(-35) + n. Let h = 52 + r. What is the units digit of h?
2
Let j(s) = 16*s - 19. Suppose 0 = 3*x - 10*x - 98. Let w = x - -20. What is the tens digit of j(w)?
7
Suppose 0 = -2*g + 3*t - 0*t + 20, -3*g = -4*t - 28. Let d be (-18)/((-14)/7 - (-14)/g). What is the hundreds digit of (-4735)/(-45) - (d/(-27))/2?
1
Suppose 0 = -6*h + 9*h - 3, 5*d + 2*h = -168. What is the hundreds digit of (0 + (-2)/3)/(d/20502)?
4
Let o = 79 - 52. Let m be (20/3)/(3/o). What is the hundreds digit of (-40)/m + (-413)/(-3) + 0?
1
Let w = 14 + -10. Suppose 7*l - 300 = w*l + t, 4*l + 2*t = 390. Suppose 3*b - 67 = 2*b - 3*x, -b = -5*x - l. What is the units digit of b?
9
Let v = 7836 + 285